b?
-7edc50
In base 15, what is -171566e - -5?
-1715669
In base 13, what is 2 + -634ac0?
-634abb
In base 8, what is 41131623 + -44?
41131557
In base 5, what is 21343230424322 - 4?
21343230424313
In base 3, what is 2212221 - 20212221110?
-20210001112
In base 15, what is -904d51 + 1?
-904d50
In base 13, what is -54321 + -42?
-54363
In base 11, what is -26 - -70455?
7042a
In base 14, what is 95933b - -2?
95933d
In base 10, what is 4169614 + 11?
4169625
In base 8, what is 1606 + -2747?
-1141
In base 6, what is 4 + -535313240?
-535313232
In base 8, what is -275666 - -102?
-275564
In base 5, what is -13 - 14344214303?
-14344214321
In base 15, what is a5b29 - 97?
a5a82
In base 10, what is 22 + -2269307?
-2269285
In base 8, what is -156664 + -1234?
-160120
In base 9, what is -10542228 + -5?
-10542234
In base 15, what is 72 - 9da3?
-9d31
In base 5, what is -1414343233 + -12?
-1414343300
In base 12, what is -64 - -36a2?
363a
In base 6, what is -5213 + -50004?
-55221
In base 12, what is -15 - 5476992?
-54769a7
In base 3, what is 22111 + -1110001001?
-1102201120
In base 4, what is -10001010 + 23300?
-3311110
In base 16, what is -45 + 2e46cb?
2e4686
In base 11, what is -3503 - -11100?
86a8
In base 7, what is -602 + -10553130?
-10554032
In base 9, what is 55267 + 4264?
60542
In base 11, what is 51813 + 2435?
54148
In base 12, what is -b31 - 22a7?
-3218
In base 4, what is 32211213 - -101?
32211320
In base 8, what is 12734061 - -30?
12734111
In base 12, what is -1 + -338a10?
-338a11
In base 10, what is 4464882 - 2?
4464880
In base 9, what is -4 - 888076788?
-888076803
In base 15, what is 7505 + 5c2?
7ac7
In base 10, what is 28 + -852656?
-852628
In base 13, what is -26890 + 69?
-26824
In base 14, what is 17d - -13636?
137b5
In base 8, what is -522011534 + 1?
-522011533
In base 2, what is 1100010100110 + -1000000111?
1011010011111
In base 8, what is -161220125 - -44?
-161220061
In base 14, what is 3 - 2d7082?
-2d707d
In base 6, what is -233 + -222055?
-222332
In base 10, what is -31598 + 248?
-31350
In base 4, what is 31300 + -2011101221?
-2011003321
In base 7, what is -313421 + 615?
-312503
In base 5, what is -1011120 + -3122?
-1014242
In base 10, what is 75 + 431684?
431759
In base 15, what is 514e77 + -50?
514e27
In base 16, what is 0 + -64758b6?
-64758b6
In base 16, what is 5 - 12211fc?
-12211f7
In base 11, what is 3 - 40147958?
-40147955
In base 10, what is -31 + 632623?
632592
In base 4, what is 11 + 101131012321?
101131012332
In base 14, what is -2196162 + -3?
-2196165
In base 6, what is -1402444 + 5150?
-1353254
In base 13, what is 0 + b2442?
b2442
In base 4, what is 132 - -21001101031?
21001101223
In base 13, what is 15 + -31559?
-31544
In base 12, what is 83885851 - 1?
83885850
In base 9, what is -676 + -36835?
-37622
In base 3, what is 100 + -11112220110?
-11112220010
In base 7, what is 330135 - 115?
330020
In base 10, what is -198701548 + -5?
-198701553
In base 12, what is -20a957 + 13?
-20a944
In base 6, what is 4455340121 - -4?
4455340125
In base 7, what is 113606124 + -4?
113606120
In base 8, what is 15253431 + -24?
15253405
In base 16, what is -5c25 + -13b4?
-6fd9
In base 8, what is 11052222 + 203?
11052425
In base 3, what is 100 + 110020201000011?
110020201000111
In base 15, what is 341 - -e72?
12b3
In base 7, what is -502445120 + -16?
-502445136
In base 7, what is 464 - -104665?
105462
In base 5, what is 1303 - 1114312?
-1113004
In base 14, what is 1 - -12c3096?
12c3097
In base 7, what is 105226102144 + 0?
105226102144
In base 10, what is 2382318 - 2?
2382316
In base 2, what is 10100001011100 - -10010001111001?
100110011010101
In base 13, what is -3855 - 2184?
-5a09
In base 14, what is 16aa1 + 2?
16aa3
In base 5, what is -411424 + 41332?
-320042
In base 7, what is -131055001 + 1?
-131055000
In base 11, what is 0 - 54569554?
-54569554
In base 10, what is -2159088 - 4?
-2159092
In base 8, what is -2 + -43410750?
-43410752
In base 9, what is -4134128 - -1?
-4134127
In base 14, what is 14c96 - -1c8a?
16b42
In base 2, what is 111101100000111010 + 1?
111101100000111011
In base 6, what is -43405 - -224?
-43141
In base 9, what is 20062 + -38233?
-18161
In base 13, what is 27bc - -20b02?
235c1
In base 9, what is 15331 - 13286?
2034
In base 12, what is 12535 - 1793?
10962
In base 5, what is 4 + 4420321203?
4420321212
In base 9, what is 4610460 + 151?
4610621
In base 4, what is -22133211223 - 3233?
-22133221122
In base 15, what is -13b9c - -57?
-13b45
In base 4, what is 1330322120101 - 3?
1330322120032
In base 3, what is -102 + -1200012021212220?
-1200012021220022
In base 10, what is 338357 - 397?
337960
In base 9, what is 27243 + 81?
27334
In base 5, what is 124340 - 2312?
122023
In base 12, what is -7 + -4b6b6a?
-4b6b75
In base 2, what is -101 - -1000011110010110101010110?
1000011110010110101010001
In base 7, what is -6233524532 + 1?
-6233524531
In base 6, what is -103 - -201422?
201315
In base 10, what is -1079 - 385629?
-386708
In base 14, what is 6c80c + 94?
6c8a2
In base 6, what is 1154213411 - 10?
1154213401
In base 2, what is -110010011 + -1010011001010100000?
-1010011010000110011
In base 9, what is 20522 - 10610?
8812
In base 8, what is -124346 + -11071?
-135437
In base 11, what is -163 - 652574?
-652727
In base 3, what is 221010002 - -21220?
221101222
In base 6, what is 13001234050 + 2?
13001234052
In base 7, what is -54110 + -2032?
-56142
In base 15, what is -a3 - -38d2?
382e
In base 8, what is 206 - 510711?
-510503
In base 15, what is -1295a12 - -12?
-1295a00
In base 14, what is 3813 + -1dc9?
1828
In base 4, what is -1200300002 - -2211?
-1200231131
In base 15, what is -3eb + -1117b?
-11577
In base 16, what is -5 + -2793434?
-2793439
In base 5, what is -21141301133 - -131?
-21141301002
In base 2, what is -10 + 111000101111011110011?
111000101111011110001
In base 5, what is 4330432 + -332?
4330100
In base 4, what is 131133 + -102021?
23112
In base 3, what is -211 - -110100201100222?
110100201100011
In base 5, what is -1444 + 440202?
433203
In base 12, what is 2a095 - -246?
2a31b
In base 5, what is 11311 + -2344141?
-2332330
In base 12, what is 335 - -2a9b1?
2b126
In base 15, what is 2ba4e0 + 3b?
2ba52b
In base 5, what is -30222 + -144301?
-230023
In base 13, what is -1 - -2439299?
2439298
In base 10, what is 30 + 20790845?
20790875
In base 12, what is -20a8a47 + -7?
-20a8a52
In base 14, what is 5 + -2b63456?
-2b63451
In base 16, what is -28f48 + -4ae?
-293f6
In base 15, what is -3 - 1493b7?
-1493ba
In base 12, what is 37 + -159067?
-159030
In base 16, what is -2f9e14 - -193?
-2f9c81
In base 15, what is 11 - -49a528?
49a539
In base 11, what is 560 + -63805?
-63255
In base 14, what is -22903220 + -1?
-22903221
In base 12, what is 4 + 82738788?
82738790
In base 13, what is -7 + -138615?
-13861c
In base 6, what is -12 + -15032023?
-15032035
In base 16, what is 4 + 13b166?
13b16a
In base 12, what is b90 + -810?
380
In base 6, what is 210121 - -13222?
223343
In base 16, what is -1066 - 2b8?
-131e
In base 13, what is 1 - 3387aaa?
-3387aa9
In base 5, what is 3124024341342 + 3?
3124024341400
In base 4, what is -233131230 + -133?
-233132023
In base 11, what is 1 + -11770138?
-11770137
In base 10, what is -1550799 - 9?
-1550808
In base 7, what is 4232013 + -421?
4231262
In base 14, what is -1104 + 4db5a?
4ca56
In base 3, what is 201220200210 - -11100?
201220212010
In base 10, what is 12167 - 232?
11935
In base 8, what is -14 - -45206632?
45206616
In base 3, what is -1112112202 - -1122012?
-1110220120
In base 14, what is -244d4 + -12?
-24506
In base 10, what is -273188414 - 5?
-273188419
In base 15, what is -2e + -15a9d?
-15acc
In base 16, what is 4 + -46b2772?
-46b276e
In base 12, what is -5595495 - 17?
-55954b0
In base 10, what is 24106880 + 2?
24106882
In base 13, what is -79c7 + -140?
-7b37
In base 12, what is 79 - 128b557?
-128b49a
In base 16, what is 2 - -234a17?
234a19
In base 5, what is 1043120 + -431?
1042134
In base 14, what is 33c0 + c730?
11b10
In base 15, what is -5d4d80c - -2?
-5d4d80a
In base 9, what is 2677573 - -4?
2677577
In base 14, what is -3d + 145609?
1455aa
In base 15, what is -3433ca - -5?
-3433c5
In base 11, what is 36739700 - -5?
36739705
In base 8, what is -502610 - 41?
-502651
In base 7, what is 114613511 - 2?
114613506
In 